{"id":2,"date":"2025-07-16T20:25:31","date_gmt":"2025-07-16T20:25:31","guid":{"rendered":"http:\/\/valletdanse.net\/newsite\/?page_id=2"},"modified":"2026-03-03T21:05:18","modified_gmt":"2026-03-03T21:05:18","slug":"sample-page","status":"publish","type":"page","link":"https:\/\/valletdanse.net\/","title":{"rendered":"Accueil"},"content":{"rendered":"\n<p><strong>Vallet Danse, association cr\u00e9\u00e9e en 1998 propose des cours de danse de l&rsquo;\u00e9veil (4 ans) \u00e0 l&rsquo;adulte dans diverses esth\u00e9tiques :&nbsp;<\/strong><\/p>\n\n\n\n<p><strong>Danse contemporaine, Fit Dance, Modern&rsquo;Jazz, Hip-Hop, Danse Classique, Atelier Cr\u00e9ation Chor\u00e9graphique.&nbsp;<\/strong><\/p>\n\n\n\n<h2 class=\"wp-block-heading\"><a href=\"http:\/\/www.helloasso.com\/associations\/vallet-danse\/adhesions\/inscription-annee-2025-2026\" data-type=\"link\" data-id=\"http:\/\/www.helloasso.com\/associations\/vallet-danse\/adhesions\/inscription-annee-2025-2026\">Cliquer ici pour vous inscrire<\/a><\/h2>\n\n\n\n<h2 class=\"wp-block-heading\">Actualit\u00e9s<\/h2>\n\n\n\n<p>Ici prochainement : <strong>Vente des billets du Gala 2026<\/strong><\/p>\n\n\n\n<figure class=\"wp-block-image aligncenter size-full\"><img loading=\"lazy\" decoding=\"async\" width=\"800\" height=\"533\" src=\"http:\/\/valletdanse.net\/wp-content\/uploads\/2025\/07\/g21-16.jpg\" alt=\"\" class=\"wp-image-8\" srcset=\"https:\/\/valletdanse.net\/wp-content\/uploads\/2025\/07\/g21-16.jpg 800w, https:\/\/valletdanse.net\/wp-content\/uploads\/2025\/07\/g21-16-300x200.jpg 300w, https:\/\/valletdanse.net\/wp-content\/uploads\/2025\/07\/g21-16-768x512.jpg 768w\" sizes=\"auto, (max-width: 800px) 100vw, 800px\" \/><\/figure>\n","protected":false},"excerpt":{"rendered":"<p>Vallet Danse, association cr\u00e9\u00e9e en 1998 propose des cours de danse de l&rsquo;\u00e9veil (4 ans) \u00e0 l&rsquo;adulte dans diverses esth\u00e9tiques [&hellip;]<\/p>\n","protected":false},"author":1,"featured_media":0,"parent":0,"menu_order":0,"comment_status":"closed","ping_status":"open","template":"","meta":{"site-sidebar-layout":"default","site-content-layout":"","ast-site-content-layout":"default","site-content-style":"default","site-sidebar-style":"default","ast-global-header-display":"","ast-banner-title-visibility":"","ast-main-header-display":"","ast-hfb-above-header-display":"","ast-hfb-below-header-display":"","ast-hfb-mobile-header-display":"","site-post-title":"","ast-breadcrumbs-content":"","ast-featured-img":"","footer-sml-layout":"","ast-disable-related-posts":"","theme-transparent-header-meta":"","adv-header-id-meta":"","stick-header-meta":"","header-above-stick-meta":"","header-main-stick-meta":"","header-below-stick-meta":"","astra-migrate-meta-layouts":"default","ast-page-background-enabled":"default","ast-page-background-meta":{"desktop":{"background-color":"var(--ast-global-color-5)","background-image":"","background-repeat":"repeat","background-position":"center center","background-size":"auto","background-attachment":"scroll","background-type":"","background-media":"","overlay-type":"","overlay-color":"","overlay-opacity":"","overlay-gradient":""},"tablet":{"background-color":"","background-image":"","background-repeat":"repeat","background-position":"center center","background-size":"auto","background-attachment":"scroll","background-type":"","background-media":"","overlay-type":"","overlay-color":"","overlay-opacity":"","overlay-gradient":""},"mobile":{"background-color":"","background-image":"","background-repeat":"repeat","background-position":"center center","background-size":"auto","background-attachment":"scroll","background-type":"","background-media":"","overlay-type":"","overlay-color":"","overlay-opacity":"","overlay-gradient":""}},"ast-content-background-meta":{"desktop":{"background-color":"var(--ast-global-color-4)","background-image":"","background-repeat":"repeat","background-position":"center center","background-size":"auto","background-attachment":"scroll","background-type":"","background-media":"","overlay-type":"","overlay-color":"","overlay-opacity":"","overlay-gradient":""},"tablet":{"background-color":"var(--ast-global-color-4)","background-image":"","background-repeat":"repeat","background-position":"center center","background-size":"auto","background-attachment":"scroll","background-type":"","background-media":"","overlay-type":"","overlay-color":"","overlay-opacity":"","overlay-gradient":""},"mobile":{"background-color":"var(--ast-global-color-4)","background-image":"","background-repeat":"repeat","background-position":"center center","background-size":"auto","background-attachment":"scroll","background-type":"","background-media":"","overlay-type":"","overlay-color":"","overlay-opacity":"","overlay-gradient":""}},"footnotes":""},"class_list":["post-2","page","type-page","status-publish","hentry"],"_links":{"self":[{"href":"https:\/\/valletdanse.net\/index.php\/wp-json\/wp\/v2\/pages\/2","targetHints":{"allow":["GET"]}}],"collection":[{"href":"https:\/\/valletdanse.net\/index.php\/wp-json\/wp\/v2\/pages"}],"about":[{"href":"https:\/\/valletdanse.net\/index.php\/wp-json\/wp\/v2\/types\/page"}],"author":[{"embeddable":true,"href":"https:\/\/valletdanse.net\/index.php\/wp-json\/wp\/v2\/users\/1"}],"replies":[{"embeddable":true,"href":"https:\/\/valletdanse.net\/index.php\/wp-json\/wp\/v2\/comments?post=2"}],"version-history":[{"count":9,"href":"https:\/\/valletdanse.net\/index.php\/wp-json\/wp\/v2\/pages\/2\/revisions"}],"predecessor-version":[{"id":330,"href":"https:\/\/valletdanse.net\/index.php\/wp-json\/wp\/v2\/pages\/2\/revisions\/330"}],"wp:attachment":[{"href":"https:\/\/valletdanse.net\/index.php\/wp-json\/wp\/v2\/media?parent=2"}],"curies":[{"name":"wp","href":"https:\/\/api.w.org\/{rel}","templated":true}]}}